- 3*t + 4 = 21, -4*g - 5*t - 15 = 0. Determine o(g).
-4
Let f(b) be the second derivative of -11*b**3/6 + 3*b**2/2 - b. Let p(l) = 10*l - 2. Let m(x) = -5*f(x) - 6*p(x). Give m(-2).
7
Let o(l) = l**3 + l**2 + 2*l + 2. Let b be (2/6)/(4/(-24)). What is o(b)?
-6
Let g(x) = 4*x**2 - 13. Let k(t) = -3*t**2 + 12. Let r(d) = 4*g(d) + 5*k(d). Let l = 1 - 1. Calculate r(l).
8
Suppose -2 = 2*i + 2. Let a(t) = 4*t + 1. What is a(i)?
-7
Let d(v) = v**3 + 4*v**2 + 5. Let t = -1 - 3. Let q be d(t). Let i(p) = -11*p**2 + 1 + 6*p + 4*p**2 + 6*p**2. What is i(q)?
6
Let n(q) be the third derivative of 0*q + 0 - 1/24*q**4 + 1/6*q**3 + q**2. Let h be 72/20 + (-4)/(-10). What is n(h)?
-3
Suppose 0 = 4*r - r - 12. Let h(u) = -1 + 0 - r*u + 4 + 0*u + 2*u**2. Determine h(2).
3
Suppose -2*m + 6 = 0, 2*j - 2*m + 4*m - 16 = 0. Suppose j*r - 10 - 20 = 0. Let z(v) = -v + 5. What is z(r)?
-1
Suppose 5*u + 2*c + 32 = c, -2*u - 23 = -3*c. Let y(v) = v + 8. Determine y(u).
1
Let y(v) = 1 + 0*v - 7*v**2 - 3 - 2*v - v**3. Let p(k) = 4*k**3 + 29*k**2 + 8*k + 7. Let s(l) = 2*p(l) + 9*y(l). Let f(u) = -u + 2. Let x be f(7). What is s(x)?
6
Let p(n) = n**2. Let a(d) = -12*d**2 - 1. Let x(h) = a(h) + 6*p(h). Calculate x(1).
-7
Let l(p) be the second derivative of p**3/6 + p**2 + 15*p. What is l(-5)?
-3
Let i(q) = -q**3 + 7*q**2 + 0 - 3*q**2 - 1. Let c(z) = -5*z**2 + 1. Let w(u) = 3*c(u) + 4*i(u). Give w(1).
-4
Suppose 2*m = -m. Let b(j) be the third derivative of m*j + 1/60*j**5 - 2*j**2 + 0 + 1/24*j**4 + 1/3*j**3. Determine b(0).
2
Let t(u) = 7*u**2 - 5*u - 2. Let j(z) = 9*z**2 - 5*z - 3. Let r(m) = -3*j(m) + 4*t(m). Let p(x) = -x**3 - 3*x**2 - 2*x. Let f be p(-3). Calculate r(f).
7
Let o(y) = -y - 12. Let x(h) = -h**3 + 5*h**2 + 7*h - 3. Let a be x(6). Suppose -12 = 4*z + a*k, 2*z - 2*k = -5*k. Calculate o(z).
-6
Let l = 475/134 - 3/67. Let s(a) be the second derivative of -1/2*a**3 - 2*a - l*a**2 + 0. What is s(-5)?
8
Let s be (-35)/(-5) - (-1 + 3). Suppose 5*b - 2*l = -0 - 35, 0 = s*b - l + 35. Let j = 8 + b. Let a(p) = -5*p**2. Determine a(j).
-5
Let n = 29 - 26. Let g(i) = i**3 - i**2 - 3*i - 2. Calculate g(n).
7
Let d(z) = -z**3 + 9*z**2 + 2*z - 13. Let j be d(9). Let x(t) = t**3 + 5 + j*t**2 + 3*t**2 - 4*t - 3*t**2. What is x(-6)?
-7
Let l(w) = 6 - 6*w - 2*w**2 - 5*w**2 + 4*w**3 + w**3 - 6*w**3. Calculate l(-6).
6
Suppose 2*o + 6 = 4*y - 8, -y + 2*o = -8. Let l(a) = a + y*a**2 - a**3 + 4 - 3*a**2 + 5*a**2. Give l(4).
8
Let r = 8 - 4. Let m(a) = -99*a**2 + a + 98*a**2 - r*a + 7. What is m(-5)?
-3
Let s(w) be the second derivative of w**3/3 - w**2 + 12*w. Let v be 44/10 - 2/5. Calculate s(v).
6
Let o be ((-12)/8)/((-3)/50). Suppose -7 + o = 3*m. Let k(w) = -w**3 + 7*w**2 - 7*w + 5. Determine k(m).
-1
Suppose 0 = t + 4*t. Let z = 3 + -3. Let p(u) = -u**2 + 6 + 0*u**2 + z*u**2. Give p(t).
6
Suppose -2*t + 53 = 13. Suppose 5*i + 0*i = -t. Let c be (2/4)/(i/40). Let j(u) = -u**3 - 4*u**2 + 6*u + 2. Give j(c).
-3
Let b(k) be the first derivative of 2*k**2 - 3*k - 2. Suppose -5*d + 8 = -32. Suppose c - d = -3*c. Determine b(c).
5
Let g = 13/21 + -2/7. Let r(d) be the first derivative of -d + g*d**3 + 2 - 1/2*d**2. Give r(3).
5
Suppose 6*p = 38 - 2. Let f(l) = l - 12. What is f(p)?
-6
Let v(s) = s**2 - 6*s + 3. Let o be -1 - 3 - (-11)/(77/63). Determine v(o).
-2
Let s = -1 - -3. Let p(t) = -6*t + 2*t**s + 2 - 3*t**2 + t. Give p(-5).
2
Let k(h) be the third derivative of h**5/60 + h**3/6 + h**2. Suppose -5*v - 33 = 4*b, -6*b + 5*v = -2*b - 17. Calculate k(b).
5
Let h(i) = 4*i - 9. Let l(c) = 5*c - 10. Let z(r) = -6*h(r) + 5*l(r). Suppose -2*u + 4 = -u. Calculate z(u).
8
Let b = -1 + 3. Let i be b - 0 - (0 - 0). Let g(h) = 3 + i*h - 3 - 1. Calculate g(-2).
-5
Let i(s) = -s - 24. Let y be i(-19). Let p(n) = n**3 + 6*n**2 + 2*n - 6. Determine p(y).
9
Suppose 3*h - 2*h - 3 = 0. Suppose -11 = -3*u + z, -u = -h*u - 2*z + 10. Let t(d) = -d**3 + 2*d**2 + 5*d + 2. What is t(u)?
-10
Let j = -47 + 49. Let r(y) = -5*y - 1. Calculate r(j).
-11
Suppose 18 = 3*n + 15. Let h(c) = -8*c**2 - c + 1. What is h(n)?
-8
Let s(v) = 2*v + 4. Let z = 12 + -15. Give s(z).
-2
Let t be 0 + 3/3 + 3/3. Let n(v) be the first derivative of v**2 - 1/4*v**4 + t - 1/3*v**3 - v. Give n(2).
-9
Let f(b) be the third derivative of 0*b**3 + 0*b + 1/120*b**6 - 1/30*b**5 - 3*b**2 + 1/8*b**4 + 0. Give f(2).
6
Let c(z) = z + 8. Let d(v) = v**2 + 9*v + 16. Let w be d(-5). Determine c(w).
4
Let f(o) = 6*o**2 + o. Suppose -c - 3*k = -1, 0 = 2*c - 8*k + 3*k - 2. Calculate f(c).
7
Let c(n) = -7*n**3 + 2*n - 1. Let k be c(1). Let q(o) = 7*o + 10. Let j(f) = 20*f + 30. Let u(x) = k*j(x) + 17*q(x). What is u(0)?
-10
Let m = 8 + 3. Suppose m = -5*t - 4. Let r(d) = 6*d - 2. Let s(f) = -5*f + 2. Let l(n) = 4*r(n) + 5*s(n). What is l(t)?
5
Let v(t) = 2*t + 3. Suppose -3*k + 6*k + 4*y = 3, k = 2*y + 11. What is v(k)?
13
Let z be 2/6 + (-11)/(-3). Let o(v) = 2043*v**2 - 5*v**3 + 4 - 2046*v**2 + 6*v**3 - 4*v. Determine o(z).
4
Let t(m) = -19*m - 17*m + 10 + 51*m - 13*m. Calculate t(-8).
-6
Let w(c) = -c - 2. Suppose -3*p - 2*p + 40 = 5*q, 4*p = 20. Give w(q).
-5
Let q(m) = -m**2 + 7*m - 5. Let w = -40 - -47. Calculate q(w).
-5
Let s(f) be the second derivative of f**7/2520 + f**6/144 + f**5/40 + f**4/4 + 4*f. Let d(x) be the third derivative of s(x). Give d(-4).
-1
Let r(j) = j - j + j + 5*j. Suppose 5 = 5*p - 0. Suppose 0 = f - 0 - p. Calculate r(f).
6
Let y(v) = 9*v**2 + 20*v**2 - 31*v**2 + 18*v**2. Give y(-1).
16
Let r(b) = 2. Let x(l) = l - 1. Let c(s) = -r(s) - 2*x(s). Determine c(4).
-8
Suppose 0 = 2*m - 7*m + 5. Suppose 4 = -3*b + 10. Let d(n) = -12*n**2 - 3*n + 1. Let z(g) = -13*g**2 - 4*g + 1. Let a(k) = b*z(k) - 3*d(k). Calculate a(m).
10
Let z(t) be the third derivative of -5*t**4/24 - t**3/6 - 4*t**2. Let h be 0 + 0 - -1 - 0. Determine z(h).
-6
Let s(y) = -y**2 + 11*y - 13. Let x be s(9). Let c(w) = 2*w - x*w**2 - 54*w**3 + 4*w + 53*w**3. What is c(-6)?
0
Let w(b) be the first derivative of b**4/4 + 4*b**3/3 + b**2/2 - b - 2. Let x be 2 + (-3 - 1) + -2. Calculate w(x).
-5
Let k(l) = 2*l**3 + 4*l**2 + 7*l - 3. Let u(i) = -3*i**3 - 8*i**2 - 13*i + 6. Let a(d) = -5*k(d) - 3*u(d). Calculate a(5).
-8
Let r be 1 + -3 - (2 + -5). Let t(g) = 0*g - 1 + r + g. Let o be (0 - 1)/(3/12). What is t(o)?
-4
Let j(w) = 4*w - 5. Let b(q) = -5*q + 6. Let r(o) = 3*b(o) + 4*j(o). Suppose -i = 3, 0 = 3*u - 0*u - i - 18. What is r(u)?
3
Suppose i - 12 = 2*y, 4*y - 3*i + 36 = -7*i. Let x(c) be the second derivative of -c**4/12 - 4*c**3/3 - 4*c**2 + c. What is x(y)?
-1
Let a(s) be the third derivative of s**4/12 - 2*s**3/3 - s**2. Suppose -2*i + 12 = 3*r + 2*r, -24 = -4*r + 2*i. What is a(r)?
4
Suppose -3*s = 3*t - 15, 2*t + 2*t - 12 = -2*s. Let n(y) = -1 + y - 2*y - s*y. Let q(f) = -66*f - 12. Let j(p) = -27*n(p) + 2*q(p). Calculate j(-2).
-3
Let k(p) = p**3 + p**2 + p. Let l(w) = 4*w**3 + 9*w**2 - 5*w - 1. Let m(v) = 3*k(v) - l(v). What is m(-7)?
-6
Let a(o) = o**3 + 3*o**2 - 3*o. Let j(r) = 1 + 0 - 5*r**2 - 2*r**3 + 0*r**3 + 0*r + 6*r. Let x(c) = -7*a(c) - 4*j(c). Determine x(3).
5
Suppose -2*f + 2 = -3*a - 7, -a = 5*f - 48. Let t(u) = 2*u - f - u + 0*u - 2*u. Give t(-5).
-4
Let v(x) be the third derivative of x**6/120 + x**5/12 + x**4/24 - 2*x**3/3 - 29*x**2. Give v(-4).
8
Suppose 2*j - 25 = 13. Suppose 0 = -4*p + t, 0 = -3*p - 2*t - 2*t - j. Let l(i) = 1 + 5*i - 1. What is l(p)?
-5
Suppose -5*m + s + 20 = -18, -3*m = 5*s - 6. Let q(o) be the third derivative of -o**5/60 + 3*o**4/8 - o**2. Give q(m).
14
Let v(c) = -c**2 - c - 4. Suppose 0 = 6*p - 2*p - 12. Suppose 9 = p*d - 3*g, 6 + 6 = -2*d - 4*g. What is v(d)?
-4
Let j(z) = -z**2 - 4 + 6 - 1. Let f(m) = 4*m**2 + m - 6. Suppose 3*v + 0*y - 19 = 4*y, -v = 2*y - 3. Let h(l) = v*j(l) + f(l). What is h(3)?
-7
Let l(g) = g + 10. Let s be l(-4). Let h(p) = -p + 1. Determine h(s).
-5
Let x(k) = 2 - k - 3 + 5 - 2. Determine x(6).
-4
Suppose -z = -0 - 2. Let q(x) = 4*x - 2 + 0*x + 0*x**2 - x**z - 3. Determine q(5).
-10
Let v(q) be the first derivative of -3*q**2 + q + 14. Give v(1).
-5
Let n be ((-5)/(-2) - 0)*-2. Let u = n + 7. Let m(z) = z + 5*z + u - z. Give m(-2).
-8
Let s(x) = -x**2 + 6*x. Let w(a) = a**2 - 5*a + 1. Let y(z) = -4*s(z) - 5*w(z). What is y(0)?
-5
Let b(z) be the first derivative of z*